{"id":79,"date":"2018-11-25T18:17:38","date_gmt":"2018-11-25T17:17:38","guid":{"rendered":"http:\/\/www.erapalermo.eu\/?page_id=79"},"modified":"2025-02-20T12:27:01","modified_gmt":"2025-02-20T11:27:01","slug":"chi-siamo","status":"publish","type":"page","link":"https:\/\/www.erapalermo.eu\/index.php\/chi-siamo\/","title":{"rendered":"Chi siamo"},"content":{"rendered":"<p><strong><img decoding=\"async\" loading=\"lazy\" class=\"tc-smart-load-skip tc-smart-loaded alignnone wp-image-2521 size-medium\" src=\"https:\/\/www.erapalermo.eu\/wp-content\/uploads\/2024\/11\/cropped-cropped-logo-palermo-300x300.png\" alt=\"\" width=\"300\" height=\"300\" srcset=\"https:\/\/www.erapalermo.eu\/wp-content\/uploads\/2024\/11\/cropped-cropped-logo-palermo-300x300.png 300w, https:\/\/www.erapalermo.eu\/wp-content\/uploads\/2024\/11\/cropped-cropped-logo-palermo-150x150.png 150w, https:\/\/www.erapalermo.eu\/wp-content\/uploads\/2024\/11\/cropped-cropped-logo-palermo-100x100.png 100w, https:\/\/www.erapalermo.eu\/wp-content\/uploads\/2024\/11\/cropped-cropped-logo-palermo.png 511w\" sizes=\"(max-width: 300px) 100vw, 300px\" \/>E.R.A.P. OdV<\/strong>, promuove attivit\u00e0 radiantistiche allo scopo di sviluppare e consolidare, anche in collaborazione con Organi, Istituzioni statali, regionali, provinciali, comunali, circoscrizionali ed europee, le sperimentazioni in campo radiantistico. A questo fine si svolge, senza scopi di lucro, attivit\u00e0 per la tutela dell\u2019ambiente, educative ed essenziali.<\/p>\n<p>L\u2019E.R.A.P. OdV di Palermo \u00e8 una realt\u00e0 nata nel 2024 ma con una lunga storia alle spalle, con lo scopo duplice di riunire i Radioamatori e nel contempo riuscire ad integrarsi nel Sistema di <em>Protezione Civile Regionale<\/em>&nbsp;prima, e quello Nazionale dopo, per la gestione delle&nbsp;<em>Comunicazioni in situazioni di emergenza<\/em>.<\/p>\n<p>La professionalit\u00e0, e soprattutto la voglia e la caparbiet\u00e0 dei volontari, ha fatto s\u00ec che il gruppo mostrasse ben presto la sua efficienza in momenti di grandi eventi come la Visita del Pontefice Benedetto XVI o la Beatificazione di Padre Pino Puglisi, ma anche in occasioni di grosse emergenze, come l\u2019ammaraggio dell\u2019aeromobile ATR72 Tuninter e, non ultime,&nbsp;il terremoto in Abruzzo e l\u2019alluvione di Giampilieri (ME) nel 2009.<\/p>\n<p>Oggi l\u2019associazione ha un approccio diverso da quello originale e, anche se la principale attivit\u00e0 del Gruppo resta la gestione delle C<em>omunicazioni in situazioni di Emergenza<\/em>, l\u2019E.R.A.P. negli ultimi anni si \u00e8 mostrata attenta anche alle problematiche del territorio, allargando le sue attivit\u00e0 nell\u2019ambito della protezione civile e del Radiantismo.<\/p>\n<p style=\"text-align: justify;\">All\u2019interno del nostro Gruppo esistono diverse capacit\u00e0 tecnico-operative di supporto al cittadino e al territorio. I volontari dell\u2019E.R.A.P. OdV sono impegnati in numerosi servizi di differente tipologia: monitoraggio con il supporto del Progetto MIP delle precipitazioni piovose a Palermo e zone limitrofe, assistenza radio in occasione di eventi organizzati dalle Amministrazioni Comunali e\/o associazioni, collaborazione con la Polizia Municipale di Palermo, servizio di avvistamento antincendio d\u2019interfaccia, assistenza socio sanitaria alla popolazione, esercitazioni di montaggio delle tende Pneumatiche in uso alla Protezione Civile, utilizzo delle pompe idrovore.<\/p>\n<p style=\"text-align: justify;\">Importantissimo \u00e8 anche il programma di formazione e aggiornamento, di elevato interesse e di essenziale utilit\u00e0. Nella prospettiva di una migliore preparazione, \u00e8 obiettivo dell\u2019E.R.A.P. OdV proseguire con la pianificazione e la partecipazione a corsi che possano approfondire ed accrescere le competenze dei volontari.<\/p>\n<p style=\"text-align: justify;\">Un altro punto di grande importanza&nbsp;\u00e8 l\u2019attenzione che la nostra associazione dedica in maniera costante&nbsp;alla prevenzione ed&nbsp;informazione.&nbsp;Condividiamo con la Protezione Civile Nazionale la campagna \u201c<a href=\"http:\/\/iononrischio.protezionecivile.it\/\" target=\"_blank\" rel=\"noopener\">Io non rischio<\/a>\u201c, che ha per scopo quello di&nbsp;<em>informare e sensibilizzare i cittadini sui rischi naturali<\/em>; dal 2012 siamo parte integrante di queste Campagne informative e continueremo a farlo negli anni a venire.<\/p>\n<p style=\"text-align: justify;\">Tutto questo non ci fa&nbsp;dimenticare le nostre origini, siamo sempre dei Radioamatori e proprio per questo abbiamo creato all\u2019interno del nostro sodalizio un gruppo che si occuper\u00e0 di organizzare&nbsp;<em>Contest<\/em>,&nbsp;<em>Diplomi<\/em>,&nbsp;<em>Attivazioni<\/em>&nbsp;in modo che chi vuol fare attivit\u00e0 radio pu\u00f2 anche trovare il proprio spazio, e un gruppo Dstar che si occuper\u00e0 di gestire e migliorare i nostri sistemi digitali (IR9P modulo B e C). Ma soprattutto non dimentichiamo la nostra \u201cMission\u201d principale: le Radiocomunicazioni in emergenza.<\/p>\n","protected":false},"excerpt":{"rendered":"<p>E.R.A.P. OdV, promuove attivit\u00e0 radiantistiche allo scopo di sviluppare e consolidare, anche in collaborazione con Organi, Istituzioni statali, regionali, provinciali, comunali, circoscrizionali ed europee,&#8230;<\/p>\n","protected":false},"author":1,"featured_media":0,"parent":0,"menu_order":0,"comment_status":"closed","ping_status":"closed","template":"","meta":{"ngg_post_thumbnail":0,"footnotes":""},"_links":{"self":[{"href":"https:\/\/www.erapalermo.eu\/index.php\/wp-json\/wp\/v2\/pages\/79"}],"collection":[{"href":"https:\/\/www.erapalermo.eu\/index.php\/wp-json\/wp\/v2\/pages"}],"about":[{"href":"https:\/\/www.erapalermo.eu\/index.php\/wp-json\/wp\/v2\/types\/page"}],"author":[{"embeddable":true,"href":"https:\/\/www.erapalermo.eu\/index.php\/wp-json\/wp\/v2\/users\/1"}],"replies":[{"embeddable":true,"href":"https:\/\/www.erapalermo.eu\/index.php\/wp-json\/wp\/v2\/comments?post=79"}],"version-history":[{"count":3,"href":"https:\/\/www.erapalermo.eu\/index.php\/wp-json\/wp\/v2\/pages\/79\/revisions"}],"predecessor-version":[{"id":2649,"href":"https:\/\/www.erapalermo.eu\/index.php\/wp-json\/wp\/v2\/pages\/79\/revisions\/2649"}],"wp:attachment":[{"href":"https:\/\/www.erapalermo.eu\/index.php\/wp-json\/wp\/v2\/media?parent=79"}],"curies":[{"name":"wp","href":"https:\/\/api.w.org\/{rel}","templated":true}]}}

<p><strong><img decoding="async" loading="lazy" class="tc-smart-load-skip tc-smart-loaded alignnone wp-image-2521 size-medium" src="https://www.erapalermo.eu/wp-content/uploads/2024/11/cropped-cropped-logo-palermo-300x300.png" alt="" width="300" height="300" srcset="https://www.erapalermo.eu/wp-content/uploads/2024/11/cropped-cropped-logo-palermo-300x300.png 300w, https://www.erapalermo.eu/wp-content/uploads/2024/11/cropped-cropped-logo-palermo-150x150.png 150w, https://www.erapalermo.eu/wp-content/uploads/2024/11/cropped-cropped-logo-palermo-100x100.png 100w, https://www.erapalermo.eu/wp-content/uploads/2024/11/cropped-cropped-logo-palermo.png 511w" sizes="(max-width: 300px) 100vw, 300px" />E.R.A.P. OdV</strong>, promuove attività radiantistiche allo scopo di sviluppare e consolidare, anche in collaborazione con Organi, Istituzioni statali, regionali, provinciali, comunali, circoscrizionali ed europee, le sperimentazioni in campo radiantistico. A questo fine si svolge, senza scopi di lucro, attività per la tutela dell’ambiente, educative ed essenziali.</p>
<p>L’E.R.A.P. OdV di Palermo è una realtà nata nel 2024 ma con una lunga storia alle spalle, con lo scopo duplice di riunire i Radioamatori e nel contempo riuscire ad integrarsi nel Sistema di <em>Protezione Civile Regionale</em>&nbsp;prima, e quello Nazionale dopo, per la gestione delle&nbsp;<em>Comunicazioni in situazioni di emergenza</em>.</p>
<p>La professionalità, e soprattutto la voglia e la caparbietà dei volontari, ha fatto sì che il gruppo mostrasse ben presto la sua efficienza in momenti di grandi eventi come la Visita del Pontefice Benedetto XVI o la Beatificazione di Padre Pino Puglisi, ma anche in occasioni di grosse emergenze, come l’ammaraggio dell’aeromobile ATR72 Tuninter e, non ultime,&nbsp;il terremoto in Abruzzo e l’alluvione di Giampilieri (ME) nel 2009.</p>
<p>Oggi l’associazione ha un approccio diverso da quello originale e, anche se la principale attività del Gruppo resta la gestione delle C<em>omunicazioni in situazioni di Emergenza</em>, l’E.R.A.P. negli ultimi anni si è mostrata attenta anche alle problematiche del territorio, allargando le sue attività nell’ambito della protezione civile e del Radiantismo.</p>
<p style="text-align: justify;">All’interno del nostro Gruppo esistono diverse capacità tecnico-operative di supporto al cittadino e al territorio. I volontari dell’E.R.A.P. OdV sono impegnati in numerosi servizi di differente tipologia: monitoraggio con il supporto del Progetto MIP delle precipitazioni piovose a Palermo e zone limitrofe, assistenza radio in occasione di eventi organizzati dalle Amministrazioni Comunali e/o associazioni, collaborazione con la Polizia Municipale di Palermo, servizio di avvistamento antincendio d’interfaccia, assistenza socio sanitaria alla popolazione, esercitazioni di montaggio delle tende Pneumatiche in uso alla Protezione Civile, utilizzo delle pompe idrovore.</p>
<p style="text-align: justify;">Importantissimo è anche il programma di formazione e aggiornamento, di elevato interesse e di essenziale utilità. Nella prospettiva di una migliore preparazione, è obiettivo dell’E.R.A.P. OdV proseguire con la pianificazione e la partecipazione a corsi che possano approfondire ed accrescere le competenze dei volontari.</p>
<p style="text-align: justify;">Un altro punto di grande importanza&nbsp;è l’attenzione che la nostra associazione dedica in maniera costante&nbsp;alla prevenzione ed&nbsp;informazione.&nbsp;Condividiamo con la Protezione Civile Nazionale la campagna “<a href="http://iononrischio.protezionecivile.it/" target="_blank" rel="noopener">Io non rischio</a>“, che ha per scopo quello di&nbsp;<em>informare e sensibilizzare i cittadini sui rischi naturali</em>; dal 2012 siamo parte integrante di queste Campagne informative e continueremo a farlo negli anni a venire.</p>
<p style="text-align: justify;">Tutto questo non ci fa&nbsp;dimenticare le nostre origini, siamo sempre dei Radioamatori e proprio per questo abbiamo creato all’interno del nostro sodalizio un gruppo che si occuperà di organizzare&nbsp;<em>Contest</em>,&nbsp;<em>Diplomi</em>,&nbsp;<em>Attivazioni</em>&nbsp;in modo che chi vuol fare attività radio può anche trovare il proprio spazio, e un gruppo Dstar che si occuperà di gestire e migliorare i nostri sistemi digitali (IR9P modulo B e C). Ma soprattutto non dimentichiamo la nostra “Mission” principale: le Radiocomunicazioni in emergenza.</p>

<p>E.R.A.P. OdV, promuove attività radiantistiche allo scopo di sviluppare e consolidare, anche in collaborazione con Organi, Istituzioni statali, regionali, provinciali, comunali, circoscrizionali ed europee,&#8230;</p>
